= -30. Let z(w) = 5*w**2 + 6*w + 4. Is z(d) a composite number?
True
Let w be 2/3 + 5776/12. Let k = w + -189. Is k prime?
True
Let p = 193 - 120. Let h = p + -15. Is h a composite number?
True
Let k be (-19)/(-5) - 1/(-5). Suppose 119 = k*x - 29. Is x a prime number?
True
Let v(i) = -30*i - 3. Let s(q) = 10*q + 1. Let b(l) = -8*s(l) - 3*v(l). Is b(12) a composite number?
True
Let a be 14/4 - (-1)/(-2). Suppose 0 = n - 6*n. Suppose n = -a*m + 68 + 25. Is m prime?
True
Suppose 4*j + 925 = 9*j. Is j prime?
False
Let l = 52 + -30. Is l a composite number?
True
Let a(j) = j**2 + 4*j - 8. Is a(-13) a composite number?
False
Let r(o) be the third derivative of 3*o**4/8 - 7*o**3/6 - 4*o**2. Let u(s) = 3*s - 2. Let y(f) = 6*r(f) - 17*u(f). Is y(10) a prime number?
False
Let t(f) = 5*f**2 - 2*f - 8. Is t(9) a prime number?
True
Suppose 48 = 2*b - 18. Is b a prime number?
False
Let l = 6 - -1. Let d(s) = s**3 - 3*s**2 - 9*s. Is d(l) a composite number?
True
Let k = 3 - 66. Let a = -26 - k. Is a composite?
False
Let a(q) = 5*q**2 - q - 5. Let z be ((-6)/4)/((-3)/(-4)). Let s be -4*(-3 - (z + -2)). Is a(s) a prime number?
True
Let p(t) = -2*t**3 - 9*t**2 - 8*t - 7. Let a be (2 + 0 + -8)/1. Is p(a) composite?
False
Let s(m) = m**3 + 8*m**2 + 5*m - 8. Let u be s(-7). Suppose 2*z = u*z. Suppose 3*b = -4*w + 175, 5*b - 253 = -z*w + 3*w. Is b prime?
True
Suppose -2*t = -691 - 1215. Is t prime?
True
Suppose 3*r - 2 = -8. Let j(u) = -95*u + 1. Is j(r) composite?
False
Suppose 62*i = 66*i - 2764. Is i a prime number?
True
Suppose 0 = 2*g - g - 3*o - 5197, -2*o - 10 = 0. Is g a composite number?
True
Let m = -278 - -409. Is m a prime number?
True
Suppose -4*h + h = 0. Suppose 2*y = -h*y. Is -11*(y + 1)*-1 prime?
True
Let w = 900 + -510. Let j = -173 + w. Is j a prime number?
False
Suppose 0*u + 2*u = -o + 25, -35 = -u - 5*o. Let i = u - -69. Is i a prime number?
True
Suppose 0*l = 2*l - 1826. Is l composite?
True
Suppose 3*x + 15 = 0, 7*n - 3*n - 133 = -3*x. Is n a composite number?
False
Suppose s - 5*s = -8. Let i be (-3 + 2 - -1)/2. Suppose 70 = s*n - i*n. Is n a prime number?
False
Suppose 13*z - 12856 + 285 = 0. Is z a prime number?
True
Suppose 19 + 25 = -4*f. Let p = f - -11. Suppose -4*i - 4*k = -3*i - 57, p = i + 2*k - 55. Is i composite?
False
Let p be 29/5 + (-6)/(-30). Suppose 2*a = p*a - 100. Is a a prime number?
False
Let x(n) be the second derivative of -5*n**3/6 - 11*n**2/2 - 3*n. Is x(-9) a composite number?
True
Suppose 4 = 2*c - 2, 5*c = -v + 13. Let g be (v - 0 - 2) + -2. Is (-1268)/g + (-2)/6 prime?
True
Let q(x) be the first derivative of 2*x**3/3 - 3*x**2 + x - 1. Let g be (-18)/(-4)*8/6. Is q(g) a prime number?
True
Let c(o) = -o**3 + 5*o**2 - 3*o + 6. Let k be c(5). Is 160 + 0 - k/3 a prime number?
True
Suppose 0 = -0*l + 3*l - 9. Is 38 - (l - 0/3) composite?
True
Suppose -w + 744 = 193. Is w a prime number?
False
Let r = -40 - -146. Is r composite?
True
Let j be (-2 + 1)/((-2)/4). Suppose u + 97 = j*u. Is u a prime number?
True
Suppose -40 = 2*f - 7*f + 5*k, k = 3*f - 14. Suppose -l - f*l + 28 = 0. Is l a prime number?
True
Suppose -4*t + 3 = -3*t. Let x = t + 76. Is x composite?
False
Suppose -u = 2 - 11. Let v(o) = -o + 8. Let s be v(4). Suppose 0 = 4*b + m - 9, u*b + s*m - 3 = 4*b. Is b prime?
True
Suppose -4*z = -8*z + 8. Suppose -z*x = -6*x - 88. Let d = 59 + x. Is d a prime number?
True
Let w(u) = u**3 - 3*u**2 + 5*u + 4. Let y be w(4). Suppose -b - 3*b = 68. Let r = y + b. Is r composite?
False
Suppose -3*q + q = -8. Let z be q/10 - 84/(-15). Suppose -z*r + 2*r = -308. Is r a prime number?
False
Let u(s) = -s**2 - 4*s + 4. Suppose 6 = 3*k - 6. Suppose -2*w + 4*z + 3 = 7, 3*w - k*z = -8. Is u(w) composite?
True
Let k(v) = -9 + 5*v - 6*v + 3*v. Let g be k(7). Is (-2)/g + 1194/10 a prime number?
False
Suppose -63 = -p - 3*b, -p = -6*p + 4*b + 296. Suppose 6*k = 2*k + p. Is k a prime number?
False
Is (20/(-8))/((-1)/(-2092)*-2) composite?
True
Let x be 2/5 - 8/(-5). Let b(n) = 19*n**x - 2*n - 1 - 5*n**2 + 0. Is b(-1) a composite number?
True
Suppose -2*y - 6 = 3*m, -y - 3 = -m - m. Suppose m = -h - 0 - 259. Let c = -182 - h. Is c prime?
False
Let n(h) = 6*h - 1. Let z be n(-3). Let k = -119 - -61. Let l = z - k. Is l prime?
False
Let r = 848 - 429. Is r composite?
False
Let s = 13 - 10. Suppose 2*b + 781 = s*l, -b + 459 = 2*l - 57. Is l composite?
True
Suppose 4 = -4*o + 16. Suppose -2*j + 165 = 4*k + k, -o*j - 78 = -3*k. Is k a prime number?
True
Suppose 14 = -2*m - 4. Let s = 70 - m. Is s a composite number?
False
Suppose -7*t + 3*h + 6983 = -2*t, -3*t + 4213 = 4*h. Is t composite?
False
Suppose u + 14 = 5*m - m, -13 = -u - 5*m. Is 36 + (u - -4) + -4 a composite number?
True
Let z(b) = b**3 - 3*b**2 + 3. Let m be z(-3). Let j = 20 - m. Is j prime?
True
Let t(n) be the second derivative of n + 7/2*n**3 + 0 + 0*n**2. Is t(1) prime?
False
Let s = 4 + 8. Is (s/18)/((-2)/(-165)) a prime number?
False
Let d be (0 + 2)*(-21)/(-6). Let y be 2/(-7) + 2/d. Suppose y*s = 5*s - 15. Is s a composite number?
False
Suppose 4*d + 3*m - 226 - 1255 = 0, -5*d + 1859 = -4*m. Is d prime?
False
Is 71 - 3*(-2)/2 a prime number?
False
Let v(h) = h - 2. Let f be v(4). Suppose -3*y = -3*p + 102, -3*p + f*y + 123 = 6*y. Is p a prime number?
True
Let m = 990 + -553. Is m prime?
False
Let b be (-4)/3*12/(-8). Suppose 0 = 3*j + 4*d + 10, d + 2 = -b. Suppose -60 = -5*s + 4*g - 7*g, 5*s + j*g = 65. Is s a prime number?
False
Suppose 2 = -u - 2*u - 4*n, 0 = 3*u - n - 8. Is u a prime number?
True
Let o = -12 - -17. Suppose -2*s = o*j + 33, -j - 2*s - 8 - 5 = 0. Is j/((-16)/5 + 3) a prime number?
False
Suppose -4*g + 320 = 2*y, 0 = -2*y - 2*y + 3*g + 629. Suppose -w = w - y. Is w a composite number?
False
Let a = -6 + 9. Suppose n - a*l = -4*l + 396, 5*n + 3*l = 1982. Is n prime?
True
Suppose 2 = -2*k - 2*u, 2*k + k - 5*u - 5 = 0. Suppose 5*v - 400 + 155 = k. Is v prime?
False
Suppose 3*k = 4*n - 13, n - 5*k = -0*n - 18. Suppose 2 = -q + n. Let s(a) = -a**3 + 7*a**2 - 4*a + 7. Is s(q) prime?
True
Let x(w) = -449*w - 3. Is x(-2) a prime number?
False
Suppose 3*p = p. Suppose 3*z - 5*a = z + 334, -5*a = p. Is z a composite number?
False
Let j = -19 - -14. Is (-885)/(-25) - (-2)/j a composite number?
True
Suppose -v - 8 = -2*v. Let g be (-10)/v*2*2. Let n = g - -18. Is n a prime number?
True
Suppose -69 = -7*q + 4*q. Is q composite?
False
Suppose 0 = -i + 2*i - 46. Is i a composite number?
True
Let b(s) = 28*s + 15. Is b(7) prime?
True
Let p(m) = 14*m**2 + 44*m - 44. Let l(j) = 5*j**2 + 15*j - 15. Let h(x) = 17*l(x) - 6*p(x). Is h(10) a composite number?
False
Suppose 0 = 2*q + 3*q + 225. Is (-238)/(-5)*q/(-18) a prime number?
False
Suppose 5*s + d = 10, -s - 4*d - d = -2. Is s*((-53)/(-2) + 3) a composite number?
False
Suppose 2*c + 15 = 7*c. Suppose 2*x - c*x = 2*g - 224, 3*x = -5*g + 559. Is g a prime number?
True
Is (39479/(-11))/(-1 - 0) + 4 a composite number?
False
Suppose -2*h + 586 + 157 = -5*i, -3*i - 1128 = -3*h. Is h prime?
True
Is 4 - 1/(5/(-41565)) a composite number?
False
Let q(b) = b + b**3 - 4*b + 9*b - 12 - 5*b - 3*b**2. Is q(7) composite?
False
Suppose -2*z + 592 = -z. Suppose 4*j - 4*g = -z, 300 = -2*j - 4*g + 22. Is 1/(-2) + j/(-10) composite?
True
Let b = 64 - 36. Let g = 54 - b. Is g a composite number?
True
Let m = 2684 - 133. Is m prime?
True
Suppose -r - l = -1 - 22, 0 = -r + 2*l + 17. Is r a prime number?
False
Let n(y) = 2*y**2 - 7. Let v(x) = -3*x**2 + 8. Let w(l) = -5*n(l) - 4*v(l). Let r be 4/(-10) + (-13)/5. Is w(r) a prime number?
False
Let p(m) = -m**2 + 8*m + 1. Let w be p(7). Suppose -4*x - 1172 = -w*x. Is x composite?
False
Let t = 0 - -4. Suppose -22 = -25*g + 24*g. Is (g/t)/(1/14) composite?
True
Let a be 2/((-20)/2078) + (-92)/(-115). Suppose -3*i - 245 = 145. Let k = i - a. Is k composite?
True
Suppose -3*j = 3*j - 14004. Suppose -5*t = t - j. Is t a prime number?
True
Let s be 2/3 - (-1)/3. Let c be (2 + s)/(1/2). Is 4/(-6) + 94/c prime?
False
Let m(k) = 3*k**2. Let i be m(1). Is 1 - -48*3/i a prime number?
False
Suppose m + 7630 = 3*h, -5*h = -3*m - 17431 + 4721. Is h composite?
True
Is 1595/77 + 2/7 a prime number?
False
Let n(o) = o**2 + 5*o + 3. Let z be n(-5). Let d = z - 3. Suppose b - 54 - 11 = d. Is b a composite nu